 greatest common divisor of g and h.
7
Let u = -2458 - -2484. What is the highest common divisor of u and 2665?
13
Let b = -10988 - -11092. Calculate the greatest common factor of 256 and b.
8
Let y be ((-279)/(-124))/(3/28). Let r(h) = -h**3 - 4*h**2 + 5*h - 1. Let u be r(-4). Let m = u + 28. Calculate the greatest common divisor of y and m.
7
Suppose 91 = 12*u - 65. Calculate the greatest common divisor of 2327 and u.
13
Let i(p) = p + 11. Let b be i(7). Suppose -842 = -17*m - 536. Calculate the greatest common divisor of m and b.
18
Suppose 9*d + 66 = 7*d. Let l = 39 + d. Let y be (l - 0)/(6/9). What is the highest common factor of y and 18?
9
Let o = 34595 - 34573. Let y = -219 + 307. What is the highest common divisor of y and o?
22
Suppose 2*x = 3*s + 12, -2*x = -7*x - s + 30. Let g = 8 - x. Suppose -3*j = -3*a - 182 + 20, -3*a = -g*j + 106. Calculate the highest common divisor of j and 8.
8
Let w = -183 - -189. Suppose 0 = 8*g - w*g - 58. Calculate the highest common factor of g and 203.
29
Let c be (-426)/(-9) - 21/63. Suppose -9*a = -65 + c. What is the highest common divisor of 46 and a?
2
Let f = -616 - -618. Suppose 2*p = -5*n + 103, -10*p + 8*p + 40 = f*n. What is the greatest common divisor of n and 35?
7
Let u(x) = 3*x**3 - 44*x**2 + 19*x - 4. Suppose 4*d - 22 - 38 = 0. Let p be u(d). What is the greatest common factor of 22 and p?
22
Suppose 5*j = -59*l + 61*l - 4839, 0 = l + j - 2437. What is the highest common factor of 24 and l?
8
Suppose 45*c - 360 = 42*c + 4*a, -3*c + 384 = 4*a. Suppose 5*d + z - 1548 = -0*z, -4*d - 5*z = -1230. Calculate the greatest common divisor of c and d.
62
Let l = -304 - 604. Let p = -647 - l. What is the highest common factor of p and 18?
9
Suppose -440 = -16*c + 12*c. Let n(b) = b + 20. Suppose 3*y - 17 + 69 = -4*f, -5*y + 30 = -5*f. Let p be n(f). Calculate the greatest common divisor of c and p.
10
Let a(d) = 33*d + 1717. Let u be a(-26). What is the highest common divisor of u and 1?
1
Let n = -353 + 356. Let w(x) = x + 8. Let b be w(-10). Let s be b - (n/(-3) + -16). What is the highest common divisor of s and 3?
3
Let t = 5756 - 2681. Suppose 436 = -7*o + t. Calculate the highest common factor of o and 29.
29
Suppose 3*a = -6, -236 + 50 = 2*j - 5*a. Let o be j/(-6) + (-38)/(-57). Calculate the highest common factor of 34 and o.
17
Let z = 450 - 445. Suppose 34 - 9 = z*t + 5*a, 0 = 3*t - 2*a - 10. What is the highest common factor of 14 and t?
2
Suppose -43*k = -768 + 252. What is the greatest common divisor of 426 and k?
6
Let d be (-208)/39*15/(-2). Let f = 7361 - 7313. Calculate the greatest common factor of d and f.
8
Let a(h) = h**3 + 5*h**2 - 84*h - 387. Let n be a(-5). Calculate the highest common factor of n and 561.
33
Suppose 152 = 2*i - 4*h - 60, -8 = 2*h. Calculate the greatest common divisor of i and 378.
14
Suppose -r + 3*o - 203 = -86, 2*r + o = -262. Let t be (-6 - -9) + (-1 + 0)*r. What is the highest common divisor of 198 and t?
66
Let g(j) = 130*j**2 + j + 11. Let n be g(-1). Calculate the greatest common factor of 1484 and n.
28
Let v be 321/(-66)*-6 - 20/110. Calculate the greatest common factor of 348 and v.
29
Let b = -34 - -85. Suppose 15*q = 16*q - 3927. Suppose -20*r + q = -13*r. Calculate the highest common divisor of r and b.
51
Let l = 364 + -208. Suppose -l = -8*z + 2*z. Let w = 26 + -13. What is the highest common factor of w and z?
13
Let p be (-5 + 6)/((-2)/(-36)). Let j(s) = s - 11. Let c be j(0). Let z = 16 - c. What is the greatest common divisor of z and p?
9
Suppose 6*h = -34 + 46. Suppose -h*a + 51 = a. What is the highest common factor of a and 272?
17
Let m = 78 + -55. Suppose -61 = -3*c + m. Calculate the highest common factor of c and 28.
28
Suppose 87 = 5*j + 17. Suppose -384 = -j*d + 18*d. Let h = d - -116. Calculate the highest common divisor of h and 12.
4
Let d = 441 + -436. Let t be (414/45 + -8)/(1/d). What is the greatest common divisor of t and 15?
3
Suppose -17280 = -26*l + 2*l. Let q = l + -475. Calculate the highest common factor of q and 147.
49
Let v(r) = 1931*r**2 - 10*r - 9. Let u be v(-1). Let x be (-4)/18 - u/(-189). Calculate the highest common factor of 40 and x.
10
Let o be (-5)/35 - (-3)/21. Suppose 3*g = 5*i - 22, o = 2*g + 6 + 2. Let q be (10/10)/(i/10). Calculate the greatest common divisor of q and 125.
5
Suppose -82*j + 27*j = 24*j - 948. Calculate the greatest common divisor of 30 and j.
6
Let g be (124/20 + -4 + 0)*35. Suppose 52 = -l - d, -l + 4*d - 56 = d. Let i = g + l. Calculate the greatest common divisor of i and 264.
24
Suppose -652*u + 118*u = -54468. Calculate the highest common divisor of 6358 and u.
34
Suppose 0*i - 60 = -3*i. Let o be (50/(-8))/(7135/(-91328)). What is the greatest common divisor of o and i?
20
Suppose -105*p + 107*p = 16. Suppose -463 = -p*q - 63. What is the highest common divisor of 60 and q?
10
Let w = 357 + -17. Let n = w - 223. Let t be 51/4 - 1/(-4). What is the highest common divisor of t and n?
13
Suppose 162*f - 225*f + 75537 = 0. What is the greatest common factor of 872 and f?
109
Let h(w) = -w**2 - 37*w + 2421. Let f be h(-71). Calculate the greatest common factor of 1253 and f.
7
Let y = 1091 - 1047. What is the greatest common divisor of y and 99?
11
Let b be -22 - -64 - (5 + 9). What is the greatest common factor of b and 76?
4
Suppose -18*h = -61*h + 608 - 178. Calculate the highest common factor of h and 810.
10
Suppose -3*b = 5*h - 77, 0*b = -b - 5*h + 39. Suppose -b*o = 15*o - 884. Calculate the greatest common factor of 117 and o.
13
Let j(z) = 17*z + 855. Let u be j(-33). Calculate the greatest common divisor of u and 98.
98
Let u(f) = 19*f - 54. Let w be u(12). Let b(k) = -k**3 + 8*k**2 + 43*k - 276. Let x be b(9). Calculate the greatest common divisor of x and w.
6
Let d(n) = 10*n**3 + 127*n**2 - 41*n - 6. Let i be d(-13). Calculate the highest common factor of 610 and i.
10
Let h(g) = -g**3 + 7*g**2 - g + 15. Let b be h(7). Let a(z) = -z**3 + 6*z**2 + 19*z + 12. Let s be a(b). Calculate the highest common factor of 4 and s.
4
Let r = -399 - -560. Let a = r + -119. What is the highest common divisor of a and 14?
14
Let o = -517 + 520. Let h(p) = 9*p**3 - p**2 - 6*p - 8. Let u be h(o). What is the highest common factor of u and 156?
52
Let o be (-13)/(1*(-4 + 3)). Suppose 4*q + 4*q = -49*q + 2223. What is the greatest common divisor of o and q?
13
Let q = -136 + 269. Let s = q - 116. Let t(f) = -f**3 + 3*f**2 + 4*f + 7. Let b be t(-5). What is the greatest common factor of s and b?
17
Suppose 0*u + 4*u - 13345 = -3*q, -5*q = u - 3332. What is the greatest common factor of u and 71?
71
Suppose v = 4*n + 47, 3*v - 3*n = 2*n + 155. Let o be (110/105*-3)/(32/(-560)). Calculate the highest common factor of o and v.
55
Let k(b) = -24*b**2 + 314*b + 18. Let g be k(13). What is the highest common factor of g and 6028?
44
Suppose -46 = -10*w + 64. Let d be (-5)/15 - 528/9. Let s = -26 - d. What is the highest common factor of s and w?
11
Suppose -3*n + 3255 = 36*x - 31*x, 3*x - 1929 = 3*n. Calculate the highest common divisor of x and 936.
72
Let f be (-11)/(-429)*-13 - (-487)/3. Calculate the highest common factor of f and 1242.
54
Let o(j) = j**2 - 9 + 13 + 13 - 14*j. Let x be o(17). Calculate the highest common divisor of 238 and x.
34
Suppose -192 = -5*p - 2*f + 723, 3*p - 3*f = 570. Let u = 203 - p. Calculate the greatest common divisor of u and 99.
9
Let o(f) = 113*f + 1815. Let r be o(-15). What is the highest common divisor of 256 and r?
8
Let z = -20656 + 25948. Calculate the highest common divisor of 1188 and z.
108
Suppose -4*y + 3412 = -16*y + 38596. Calculate the greatest common divisor of y and 4.
4
Let d(o) = 10*o - 175. Let x(a) = 6*a - 88. Let r(p) = 6*d(p) - 11*x(p). Let y be r(-17). Calculate the highest common factor of 310 and y.
10
Let g = 3944 + 528. What is the greatest common divisor of g and 86?
86
Suppose -5*k = -4*s - 2*k + 74, 0 = s - k - 18. Suppose 12*f + 56 = s*f. Calculate the highest common divisor of 28 and f.
7
Let q = -174 - -175. Let w(c) = 114*c - 10. Let k be w(q). Calculate the highest common factor of 78 and k.
26
Suppose 0*s - 1 = -3*s - u, -2*s + 5 = 5*u. Suppose s = -12*q + 21*q - 45. What is the highest common factor of 65 and q?